12*c - 5. Suppose 4*p = -5*i - 76, -294*p + 299*p = i + 21. Determine b(i).
59
Let a(s) = 2*s**2 - 42*s - 37. Let t be a(22). Let y(i) = i**2 - 13*i - 4. Let j(r) = -r**2 + 15*r + 4. Let f(l) = t*y(l) + 6*j(l). What is f(5)?
16
Let g = -45 + 47. Let r(j) = -7*j**g - 3*j + 17*j**2 + j - 1 - 8*j**2. Determine r(3).
11
Let h(d) be the second derivative of -d**4/12 + d**3/6 + 5*d**2/2 + d. Let g(v) = -v**3 - 66*v**2 - 803*v - 146. Let k be g(-50). Determine h(k).
-7
Let c be (-6)/(-540)*15*27. Let n(m) be the first derivative of 8*m - 1/4*m**4 - c*m**2 - 27 + 7/3*m**3. What is n(6)?
-10
Let h(n) be the first derivative of n**6/120 - 7*n**5/60 + n**4/4 + 7*n**3/6 - 14*n**2 + 150. Let k(j) be the second derivative of h(j). What is k(5)?
-13
Let h(g) = g**2 + 12*g - 5. Let b(c) = 145*c - 3341. Let t be b(23). What is h(t)?
-41
Let u(g) be the first derivative of 86 - 1/2*g**2 + 14*g. Give u(9).
5
Let s = -58 + 62. Let p(m) = m - m + m + s. Let q(t) = 2*t + 8. Let d(y) = -11*p(y) + 6*q(y). Give d(-6).
-2
Let b(z) = -15*z**2 + 64*z + 1. Let j(x) = 7*x**2 - 32*x - 1. Let k(h) = 3*b(h) + 7*j(h). Calculate k(8).
-4
Let v(r) = 0*r**2 + 3 + r**3 + r**2 + 0. Let n be 1604/(-52) - -3 - (-20)/(-130). Let i = 25 + n. Calculate v(i).
-15
Suppose -3*o = 2*i - 179 - 19, 2*i - 2*o = 218. Let g(w) = -i + 3*w + 204 - 97. Give g(4).
14
Let l(u) be the second derivative of -u**5/20 - u**4/6 - u**3/3 + 2*u**2 + 1626*u. Calculate l(-4).
44
Let b(f) = 0*f**2 + f**2 - 4*f - 5 - 3*f**2. Let g = -111713 - -111708. Determine b(g).
-35
Let r(s) be the first derivative of -5*s**2/2 + 281*s - 486. Let p be r(55). Let w(k) be the second derivative of -k**4/12 + 4*k**3/3 - 5*k**2/2 + k. Give w(p).
7
Let a(m) = -8*m + 12. Let n be a(2). Let y(l) = -2*l - 3. Let j(o) = 12*o + 16. Let w(x) = n*j(x) - 22*y(x). Determine w(-2).
10
Let a be (-2 + -16)*((-60)/(-18) - 3). Let s(g) = 15*g**2 + 3*g + 4. Let l(p) = 7*p**2 + 2*p + 2. Let o(q) = 13*l(q) - 6*s(q). Determine o(a).
-10
Let x(y) = y + 7. Suppose 2*u - 20 = 3*z - 10, -5*u = 5*z - 50. Suppose -a + 4*v - u = 0, -5 = -2*a - 3*v - 10. Give x(a).
3
Let d(y) be the second derivative of -y**6/180 - y**5/120 - y**4/24 - y**3/2 + 5*y**2/2 + 29*y. Let m(l) be the second derivative of d(l). Determine m(-3).
-16
Suppose 4*p - 2 = 2*s, -6*p = -4*p + 5*s + 5. Let m(z) = 4*z + 7. Let j(t) = 8*t + 14. Let g(w) = 6*j(w) - 13*m(w). Determine g(p).
-7
Let b(o) = -12. Let a be (5/(-2))/(25/(-20)). Let k(v) = -v - 14. Let q(c) = a*k(c) - 3*b(c). Determine q(6).
-4
Suppose -38 - 32 = -16*n - 102. Let u(c) = 5*c**2 + 2*c + 3. Let j(w) = 9*w**2 + 3*w + 5. Let g(h) = 6*j(h) - 11*u(h). Give g(n).
1
Suppose 3*z + 4 = b - 8, 3*b = -5*z - 20. Let k be 5*(-5)/(-50)*z. Let y(c) = 2*c**2 - 2*c. Determine y(k).
12
Let l(j) = -5*j - 6. Let r be 9/((-36)/(-32))*(1 + 0). Give l(r).
-46
Let o be ((-2)/8)/((-86)/1720). Let r(d) = -d - 18 - 5*d - o*d + 7*d + 0*d. Determine r(-6).
6
Let n(y) be the second derivative of -y**5/20 - y**4/4 + y**3 - 17*y**2/2 - 6704*y. Determine n(-4).
-25
Let d(c) = -33*c**3 - 25*c**2 + 50*c - 76. Let s(x) = -23*x**3 - 17*x**2 + 34*x - 51. Let y(k) = -7*d(k) + 10*s(k). What is y(-7)?
-6
Let j(t) be the first derivative of t**5/60 - t**4/24 - 5*t**3/6 + 16*t**2 - 40. Let g(s) be the second derivative of j(s). Give g(-4).
15
Let s(t) = -t**3 + 7*t**2 + 8*t - 6. Let x = -2 - 4. Let p be 3/x*(-3 + 5). Let m be (32/(-80))/(p/20). Give s(m).
-6
Let v(f) = -2*f**3 - 31*f**2 - 15*f - 5. Let y be 30/4*22/(-11). Let x be v(y). Let m(p) = -5*p + 3. Determine m(x).
28
Suppose -4*g + 2*g = 5*z - 13, -5*g = 5*z - 10. Let k(n) be the second derivative of n**4/3 - 5*n**3/6 + 3*n**2/2 + 4076*n. Calculate k(z).
24
Suppose 0 = 6*n - 3*n + 141. Let x = 55 + n. Let a(h) = 21 - 5*h + 25 - 57 + 14*h - h**2. Give a(x).
-3
Let h(k) be the first derivative of k**3 + 4*k**2 + 13*k - 9896. Determine h(-2).
9
Let j(a) = 3791 + 3836 - 160*a + 3398 - 11663. Give j(-4).
2
Let t(q) be the first derivative of -19*q**5/10 + q**4/6 - q**2/2 - 179*q + 216. Let l(b) be the first derivative of t(b). Give l(1).
-37
Let x = -246 - -248. Let q(w) = 54 - 17 - x*w - 8 + w - 7. What is q(10)?
12
Let h(f) be the first derivative of -f**3/3 - 7*f**2/2 + 34*f + 2592. Calculate h(5).
-26
Let y(q) = -2279*q + 764*q + 36 + 758*q + 768*q + 3. What is y(-4)?
-5
Let k(t) = 24 + 90*t + 98*t - 186*t. What is k(-7)?
10
Let q = -246 - -245. Let x be (7 - 21)*q + 0. Let w(b) = -b**3 + 15*b**2 - 15*b + 15. Give w(x).
1
Let u = 354 - 325. Suppose -24*s - u = 43. Let y(t) = -t**3 - 6*t**2 - 5*t - 4. Determine y(s).
-16
Let y(f) = f**2 + 4*f + 10. Let z(p) = 5*p + 9. Let o(w) = 3*y(w) - 4*z(w). Let h be o(6). Let i(s) = h*s + 3 - 27*s - 28*s. What is i(-4)?
7
Let q(b) = b**2 - 10*b - 28. Suppose u + 2*p + 3 = 0, -4*u + 8*p - 12 = 11*p. Calculate q(u).
11
Suppose 0 = -47*o + 41*o + 1614. Suppose -253*v = -o*v - 48. Let q(u) = u**3 + u**2 - 6*u - 1. Calculate q(v).
-1
Let o(z) = -z**2 + z + 2. Let k(f) = 3*f**2 + f - 2. Let v(i) = 7*i**2 + 3*i - 5. Let x(g) = 5*k(g) - 2*v(g). Let j(s) = -2*o(s) - x(s). Give j(0).
-4
Let l(g) = -2*g**3 - 6*g**2 - 8*g + 2. Let u(k) = 5*k**3 + 17*k**2 + 23*k - 5. Let d(o) = -8*l(o) - 3*u(o). Give d(4).
-5
Let n(o) = -2*o**2 + o + 4. Suppose -z - 11*z = 6*z. Suppose z = -3*s - t + 10, 0 = -s + 3*s - t. Calculate n(s).
-2
Suppose 1367 = 123*o - 1585. Let z(y) = 19*y - 455. What is z(o)?
1
Suppose m - 67 = 2*m - 3*i, -2*m + 3*i = 119. Let t = -51 - m. Let l be 1 + -4 + -1 - t. Let x(f) = f - 4. Give x(l).
-9
Let o(l) = -36*l - 1416. Let p be o(-40). Let f(y) = 4*y**2 - 97*y + 20. Give f(p).
-4
Let j = -35 + 33. Let u be j/4 - (-18)/4. Let f(w) = -2*w + 18. Let o(r) = -r + 9. Let a(h) = -6*f(h) + 13*o(h). Calculate a(u).
5
Let p(f) = 0 - 903*f**2 + 445*f**2 - f - 2 + 5*f + 452*f**2. Let t(a) = a**2 - 1. Let z be t(-2). Suppose 3 = 3*h - z. Give p(h).
-18
Let d(y) = 3*y**2 - 5*y + 2. Let f be (0 - (-3399)/(-22)) + (-2)/4. Let o = f + 158. Give d(o).
14
Let g(d) = 2*d**2 + 4*d - 32. Suppose -18*s + 80*s = 6*s - 336. Calculate g(s).
16
Suppose 0 = 12*b - 14*b + 10. Suppose -b = 2*z - y, z + 1 = -3*y + 2*y. Let g(t) = -4*t**2 - 3*t. Give g(z).
-10
Suppose -4 = 2*x + c, 0 = 4*x - 0*c - 2*c. Suppose 118 = 5*k + 108. Let g(m) = -4 + 3*m**2 + 3 - m**3 - m**k + 2*m**3. Determine g(x).
0
Let d(t) = -20*t - 43. Suppose -3*y = -4*s + 3, -890*y + 9 = -891*y. What is d(s)?
77
Suppose 3*u + 67 = 4*n - 2*n, -5*u - 5 = 0. Let i be 1/2 - 304/n. Let y(a) = -a - 8. What is y(i)?
1
Let u = -26 + 26. Suppose -o + 427 - 424 = u. Let n(b) = b**3 - 3*b**2 + 2*b. Calculate n(o).
6
Let g = -93 - -95. Let v be (-340)/8 + g/4. Let z = 40 + v. Let f(u) = 4*u - 1. Give f(z).
-9
Let z(g) be the third derivative of g**5/60 - 5*g**3/3 - 229*g**2. Give z(6).
26
Let f(n) = 39 + 2*n**3 - 11*n**2 + 3*n - 5*n - n - 21*n**2. Let d be f(16). Let a(k) = 5*k + 4. Determine a(d).
-41
Suppose -10*m - 8*m = 9*m - 702. Let c(g) be the first derivative of -1/4*g**4 + g**2 - 6*g + m - 4/3*g**3. What is c(-5)?
9
Suppose -104*h - 718 = 74*h + 350. Let k(g) = -14*g - 65. Calculate k(h).
19
Let w = 2676 + -2684. Let s(i) = i**2 - 12. Determine s(w).
52
Let o(u) = u**3 + 2*u**2 - 4. Suppose g = 2 + 2. Suppose -59*c + 72*c - 26 = 0. Suppose -k - c*v - 2 = -7, -4*k - g*v + 4 = 0. Give o(k).
-13
Suppose -43*d = -50*d. Let a = -1 + 3. Suppose d = 3*h - 12, -5*h + 32 = -4*q + a*q. Let v(o) = o**3 + 7*o**2 + 6*o - 2. Give v(q).
-2
Let p(l) = 6 + 4 + 924*l**2 + 4*l - 923*l**2. Let n(w) = -2*w**2 - 9*w - 18. Let k(f) = 3*n(f) + 5*p(f). Calculate k(-8).
-12
Let u(b) be the second derivative of b**7/840 + b**6/60 + b**5/20 + b**4/12 - 46*b**3/3 + 6*b. Let o(s) be the second derivative of u(s). Give o(-5).
-3
Let z(i) = 3*i**2 + 2. Let p(x) = 26*x**2 - 2*x + 17. Let u(g) = -2*p(g) + 17*z(g). Let m(y) = -2*y - 10. Let f be m(-8). Calculate u(f).
-12
Let z(c) = -c**3 + 3*c**2 - 2*c - 4. Suppose -18*u + 17*u - 239 = 0. Let p be u/(-4) + (-8)/(-32). Suppose p - 69 = -3*r. Give z(r).
-10
Let n(m) = -3. Let h(j) = j + 20. Let t be -7 + 11 + (-14)/(-7). Let o(z) = t*n(z) + h(z). Give o(0).
2
Let v(k) = 30 + 14*k - 12 - 11 - 14. Let a(t) = -96*t + 48. Let b(r) = 4*a(r) + 27*v(r). Give b(-5).
33
Let o(p) be the third derivative of -p**8/20160 + 